{"id":562,"date":"2021-02-27T00:17:23","date_gmt":"2021-02-26T23:17:23","guid":{"rendered":"https:\/\/formation.aqpamm.ca\/tastaplace\/?page_id=562"},"modified":"2022-01-30T06:33:14","modified_gmt":"2022-01-30T05:33:14","slug":"les-personnages-secondaires","status":"publish","type":"page","link":"https:\/\/formation.aqpamm.ca\/tastaplace\/volet-intervenant%c2%b7e%c2%b7s\/introduction\/les-personnages-secondaires\/","title":{"rendered":"Les personnages secondaires"},"content":{"rendered":"\n<div class=\"wp-block-media-text alignwide has-media-on-the-right is-stacked-on-mobile is-vertically-aligned-center perso_secondaire perso_secondaire_left\"><figure class=\"wp-block-media-text__media\"><img loading=\"lazy\" decoding=\"async\" width=\"800\" height=\"800\" src=\"https:\/\/formation.aqpamm.ca\/tastaplace\/wp-content\/uploads\/2021\/03\/Pere-de-Lydia.png\" alt=\"\" class=\"wp-image-852 size-full\" srcset=\"https:\/\/formation.aqpamm.ca\/tastaplace\/wp-content\/uploads\/2021\/03\/Pere-de-Lydia.png 800w, https:\/\/formation.aqpamm.ca\/tastaplace\/wp-content\/uploads\/2021\/03\/Pere-de-Lydia-300x300.png 300w, https:\/\/formation.aqpamm.ca\/tastaplace\/wp-content\/uploads\/2021\/03\/Pere-de-Lydia-150x150.png 150w, https:\/\/formation.aqpamm.ca\/tastaplace\/wp-content\/uploads\/2021\/03\/Pere-de-Lydia-768x768.png 768w\" sizes=\"auto, (max-width: 800px) 100vw, 800px\" \/><\/figure><div class=\"wp-block-media-text__content\">\n<p class=\"has-text-align-right perso_secondaire_txt has-medium-font-size\">P\u00e8re de Lydia<\/p>\n<\/div><\/div>\n\n\n\n<div class=\"wp-block-media-text alignwide is-stacked-on-mobile is-vertically-aligned-center perso_secondaire perso_secondaire_right\"><figure class=\"wp-block-media-text__media\"><img loading=\"lazy\" decoding=\"async\" width=\"800\" height=\"800\" src=\"https:\/\/formation.aqpamm.ca\/tastaplace\/wp-content\/uploads\/2021\/03\/Mere-de-Michel.png\" alt=\"\" class=\"wp-image-851 size-full\" srcset=\"https:\/\/formation.aqpamm.ca\/tastaplace\/wp-content\/uploads\/2021\/03\/Mere-de-Michel.png 800w, https:\/\/formation.aqpamm.ca\/tastaplace\/wp-content\/uploads\/2021\/03\/Mere-de-Michel-300x300.png 300w, https:\/\/formation.aqpamm.ca\/tastaplace\/wp-content\/uploads\/2021\/03\/Mere-de-Michel-150x150.png 150w, https:\/\/formation.aqpamm.ca\/tastaplace\/wp-content\/uploads\/2021\/03\/Mere-de-Michel-768x768.png 768w\" sizes=\"auto, (max-width: 800px) 100vw, 800px\" \/><\/figure><div class=\"wp-block-media-text__content\">\n<p class=\"has-text-align-left perso_secondaire_txt has-medium-font-size\">M\u00e8re de Michel<\/p>\n<\/div><\/div>\n\n\n\n<div class=\"wp-block-media-text alignwide has-media-on-the-right is-stacked-on-mobile perso_secondaire\"><figure class=\"wp-block-media-text__media\"><img loading=\"lazy\" decoding=\"async\" width=\"800\" height=\"800\" src=\"https:\/\/formation.aqpamm.ca\/tastaplace\/wp-content\/uploads\/2021\/03\/Amie-de-Marie-Andree.png\" alt=\"\" class=\"wp-image-849 size-full\" srcset=\"https:\/\/formation.aqpamm.ca\/tastaplace\/wp-content\/uploads\/2021\/03\/Amie-de-Marie-Andree.png 800w, https:\/\/formation.aqpamm.ca\/tastaplace\/wp-content\/uploads\/2021\/03\/Amie-de-Marie-Andree-300x300.png 300w, https:\/\/formation.aqpamm.ca\/tastaplace\/wp-content\/uploads\/2021\/03\/Amie-de-Marie-Andree-150x150.png 150w, https:\/\/formation.aqpamm.ca\/tastaplace\/wp-content\/uploads\/2021\/03\/Amie-de-Marie-Andree-768x768.png 768w\" sizes=\"auto, (max-width: 800px) 100vw, 800px\" \/><\/figure><div class=\"wp-block-media-text__content\">\n<p class=\"has-text-align-right perso_secondaire_txt has-medium-font-size\">Amie de Marie-Andr\u00e9e rest\u00e9e \u00e0 Chicoutimi<\/p>\n<\/div><\/div>\n\n\n\n<div class=\"wp-block-media-text alignwide is-stacked-on-mobile perso_secondaire\"><figure class=\"wp-block-media-text__media\"><img loading=\"lazy\" decoding=\"async\" width=\"592\" height=\"554\" src=\"https:\/\/formation.aqpamm.ca\/tastaplace\/wp-content\/uploads\/2021\/03\/intervenante.png\" alt=\"\" class=\"wp-image-881 size-full\" srcset=\"https:\/\/formation.aqpamm.ca\/tastaplace\/wp-content\/uploads\/2021\/03\/intervenante.png 592w, https:\/\/formation.aqpamm.ca\/tastaplace\/wp-content\/uploads\/2021\/03\/intervenante-300x281.png 300w\" sizes=\"auto, (max-width: 592px) 100vw, 592px\" \/><\/figure><div class=\"wp-block-media-text__content\">\n<p class=\"has-text-align-left perso_secondaire_txt has-medium-font-size\">Autre intervenante de Lydia<\/p>\n<\/div><\/div>\n","protected":false},"excerpt":{"rendered":"<p>P\u00e8re de Lydia M\u00e8re de Michel Amie de Marie-Andr\u00e9e rest\u00e9e \u00e0 Chicoutimi Autre intervenante de Lydia [&#8230;]<\/p>\n<p><a class=\"btn btn-secondary understrap-read-more-link\" href=\"https:\/\/formation.aqpamm.ca\/tastaplace\/volet-intervenant%c2%b7e%c2%b7s\/introduction\/les-personnages-secondaires\/\">Lire la suite\u2026<span class=\"screen-reader-text\"> from Les personnages secondaires<\/span><\/a><\/p>\n","protected":false},"author":1,"featured_media":0,"parent":552,"menu_order":104,"comment_status":"closed","ping_status":"closed","template":"","meta":{"_monsterinsights_skip_tracking":false,"_monsterinsights_sitenote_active":false,"_monsterinsights_sitenote_note":"","_monsterinsights_sitenote_category":0,"footnotes":""},"class_list":["post-562","page","type-page","status-publish","hentry"],"_links":{"self":[{"href":"https:\/\/formation.aqpamm.ca\/tastaplace\/wp-json\/wp\/v2\/pages\/562","targetHints":{"allow":["GET"]}}],"collection":[{"href":"https:\/\/formation.aqpamm.ca\/tastaplace\/wp-json\/wp\/v2\/pages"}],"about":[{"href":"https:\/\/formation.aqpamm.ca\/tastaplace\/wp-json\/wp\/v2\/types\/page"}],"author":[{"embeddable":true,"href":"https:\/\/formation.aqpamm.ca\/tastaplace\/wp-json\/wp\/v2\/users\/1"}],"replies":[{"embeddable":true,"href":"https:\/\/formation.aqpamm.ca\/tastaplace\/wp-json\/wp\/v2\/comments?post=562"}],"version-history":[{"count":19,"href":"https:\/\/formation.aqpamm.ca\/tastaplace\/wp-json\/wp\/v2\/pages\/562\/revisions"}],"predecessor-version":[{"id":907,"href":"https:\/\/formation.aqpamm.ca\/tastaplace\/wp-json\/wp\/v2\/pages\/562\/revisions\/907"}],"up":[{"embeddable":true,"href":"https:\/\/formation.aqpamm.ca\/tastaplace\/wp-json\/wp\/v2\/pages\/552"}],"wp:attachment":[{"href":"https:\/\/formation.aqpamm.ca\/tastaplace\/wp-json\/wp\/v2\/media?parent=562"}],"curies":[{"name":"wp","href":"https:\/\/api.w.org\/{rel}","templated":true}]}}