{"id":585,"date":"2021-02-27T04:25:57","date_gmt":"2021-02-27T03:25:57","guid":{"rendered":"https:\/\/formation.aqpamm.ca\/tastaplace\/?page_id=585"},"modified":"2021-02-27T05:10:35","modified_gmt":"2021-02-27T04:10:35","slug":"les-troubles-de-sante-mentale","status":"publish","type":"page","link":"https:\/\/formation.aqpamm.ca\/tastaplace\/volet-intervenant%c2%b7e%c2%b7s\/module-1\/les-troubles-de-sante-mentale\/","title":{"rendered":"Les troubles de sant\u00e9 mentale"},"content":{"rendered":"\n<p>Il est important de se rappeler que pour chaque trouble, une d\u00e9tresse doit \u00eatre remarqu\u00e9e, le trouble doit perdurer depuis plusieurs mois et le quotidien de la personne doit \u00eatre affect\u00e9.<br><br>Cliquez sur les boutons pour les d\u00e9couvrir puis cliquez sur <em>Continuer<\/em>.<\/p>\n\n\n\n<p><code><div class=\"h5p-iframe-wrapper\"><iframe id=\"h5p-iframe-5\" class=\"h5p-iframe\" data-content-id=\"5\" style=\"height:1px\" src=\"about:blank\" frameBorder=\"0\" scrolling=\"no\" title=\"Jeunes - page 6\"><\/iframe><\/div><\/code><\/p>\n","protected":false},"excerpt":{"rendered":"<p>Il est important de se rappeler que pour chaque trouble, une d\u00e9tresse doit \u00eatre remarqu\u00e9e, le trouble doit perdurer depuis plusieurs mois et le quotidien de la personne doit \u00eatre affect\u00e9. Cliquez sur les boutons pour les d\u00e9couvrir puis cliquez sur Continuer. [&#8230;]<\/p>\n<p><a class=\"btn btn-secondary understrap-read-more-link\" href=\"https:\/\/formation.aqpamm.ca\/tastaplace\/volet-intervenant%c2%b7e%c2%b7s\/module-1\/les-troubles-de-sante-mentale\/\">Lire la suite\u2026<span class=\"screen-reader-text\"> from Les troubles de sant\u00e9 mentale<\/span><\/a><\/p>\n","protected":false},"author":1,"featured_media":0,"parent":564,"menu_order":112,"comment_status":"closed","ping_status":"closed","template":"","meta":{"_monsterinsights_skip_tracking":false,"_monsterinsights_sitenote_active":false,"_monsterinsights_sitenote_note":"","_monsterinsights_sitenote_category":0,"footnotes":""},"class_list":["post-585","page","type-page","status-publish","hentry"],"_links":{"self":[{"href":"https:\/\/formation.aqpamm.ca\/tastaplace\/wp-json\/wp\/v2\/pages\/585","targetHints":{"allow":["GET"]}}],"collection":[{"href":"https:\/\/formation.aqpamm.ca\/tastaplace\/wp-json\/wp\/v2\/pages"}],"about":[{"href":"https:\/\/formation.aqpamm.ca\/tastaplace\/wp-json\/wp\/v2\/types\/page"}],"author":[{"embeddable":true,"href":"https:\/\/formation.aqpamm.ca\/tastaplace\/wp-json\/wp\/v2\/users\/1"}],"replies":[{"embeddable":true,"href":"https:\/\/formation.aqpamm.ca\/tastaplace\/wp-json\/wp\/v2\/comments?post=585"}],"version-history":[{"count":1,"href":"https:\/\/formation.aqpamm.ca\/tastaplace\/wp-json\/wp\/v2\/pages\/585\/revisions"}],"predecessor-version":[{"id":586,"href":"https:\/\/formation.aqpamm.ca\/tastaplace\/wp-json\/wp\/v2\/pages\/585\/revisions\/586"}],"up":[{"embeddable":true,"href":"https:\/\/formation.aqpamm.ca\/tastaplace\/wp-json\/wp\/v2\/pages\/564"}],"wp:attachment":[{"href":"https:\/\/formation.aqpamm.ca\/tastaplace\/wp-json\/wp\/v2\/media?parent=585"}],"curies":[{"name":"wp","href":"https:\/\/api.w.org\/{rel}","templated":true}]}}