{"id":611,"date":"2021-02-27T05:19:53","date_gmt":"2021-02-27T04:19:53","guid":{"rendered":"https:\/\/formation.aqpamm.ca\/tastaplace\/?page_id=611"},"modified":"2021-02-27T05:26:02","modified_gmt":"2021-02-27T04:26:02","slug":"les-4-facteurs-dinfluence-4","status":"publish","type":"page","link":"https:\/\/formation.aqpamm.ca\/tastaplace\/volet-intervenant%c2%b7e%c2%b7s\/module-1\/les-4-facteurs-dinfluence-4\/","title":{"rendered":"Les 4 facteurs d&rsquo;influence"},"content":{"rendered":"\n<figure class=\"wp-block-image decouverte_img\"><img decoding=\"async\" src=\"https:\/\/formation.aqpamm.ca\/tastaplace\/wp-content\/uploads\/2021\/02\/14-Vulnerabilite.png\" alt=\"\" class=\"wp-image-412\"\/><\/figure>\n\n\n\n<h3 class=\"wp-block-heading\">Facteurs de vuln\u00e9rabilit\u00e9<\/h3>\n\n\n\n<p>Certaines particularit\u00e9s et caract\u00e9ristiques chez des personnes peuvent accentuer la probabilit\u00e9 de d\u00e9velopper un trouble de sant\u00e9 mentale.&nbsp;<\/p>\n\n\n\n<p><strong>Membres de la communaut\u00e9 LGBTQIA+<\/strong> <br>Ces personnes peuvent vivre du rejet parental et de leurs pairs \u00e0 la suite d\u2019un coming out, ce qui peut augmenter la probabilit\u00e9 de vivre de l\u2019itin\u00e9rance chez les jeunes LGBTQIA+. <br><br><strong>Minorit\u00e9s culturelles et les personnes en situation de handicap <\/strong><br>Elles peuvent \u00e9galement \u00eatre plus vuln\u00e9rables, car leur sant\u00e9 mentale peut \u00eatre affect\u00e9e si elles vivent de la discrimination et un manque de soutien social.<\/p>\n","protected":false},"excerpt":{"rendered":"<p>Facteurs de vuln\u00e9rabilit\u00e9 Certaines particularit\u00e9s et caract\u00e9ristiques chez des personnes peuvent accentuer la probabilit\u00e9 de d\u00e9velopper un trouble de sant\u00e9 mentale.&nbsp; Membres de la communaut\u00e9 LGBTQIA+ Ces personnes peuvent vivre du rejet parental et de leurs pairs \u00e0 la suite d\u2019un coming out, ce qui peut augmenter la probabilit\u00e9 de vivre de l\u2019itin\u00e9rance chez les [&#8230;]<\/p>\n<p><a class=\"btn btn-secondary understrap-read-more-link\" href=\"https:\/\/formation.aqpamm.ca\/tastaplace\/volet-intervenant%c2%b7e%c2%b7s\/module-1\/les-4-facteurs-dinfluence-4\/\">Lire la suite\u2026<span class=\"screen-reader-text\"> from Les 4 facteurs d&rsquo;influence<\/span><\/a><\/p>\n","protected":false},"author":1,"featured_media":0,"parent":564,"menu_order":123,"comment_status":"closed","ping_status":"closed","template":"","meta":{"_monsterinsights_skip_tracking":false,"_monsterinsights_sitenote_active":false,"_monsterinsights_sitenote_note":"","_monsterinsights_sitenote_category":0,"footnotes":""},"class_list":["post-611","page","type-page","status-publish","hentry"],"_links":{"self":[{"href":"https:\/\/formation.aqpamm.ca\/tastaplace\/wp-json\/wp\/v2\/pages\/611","targetHints":{"allow":["GET"]}}],"collection":[{"href":"https:\/\/formation.aqpamm.ca\/tastaplace\/wp-json\/wp\/v2\/pages"}],"about":[{"href":"https:\/\/formation.aqpamm.ca\/tastaplace\/wp-json\/wp\/v2\/types\/page"}],"author":[{"embeddable":true,"href":"https:\/\/formation.aqpamm.ca\/tastaplace\/wp-json\/wp\/v2\/users\/1"}],"replies":[{"embeddable":true,"href":"https:\/\/formation.aqpamm.ca\/tastaplace\/wp-json\/wp\/v2\/comments?post=611"}],"version-history":[{"count":1,"href":"https:\/\/formation.aqpamm.ca\/tastaplace\/wp-json\/wp\/v2\/pages\/611\/revisions"}],"predecessor-version":[{"id":612,"href":"https:\/\/formation.aqpamm.ca\/tastaplace\/wp-json\/wp\/v2\/pages\/611\/revisions\/612"}],"up":[{"embeddable":true,"href":"https:\/\/formation.aqpamm.ca\/tastaplace\/wp-json\/wp\/v2\/pages\/564"}],"wp:attachment":[{"href":"https:\/\/formation.aqpamm.ca\/tastaplace\/wp-json\/wp\/v2\/media?parent=611"}],"curies":[{"name":"wp","href":"https:\/\/api.w.org\/{rel}","templated":true}]}}