{"id":714,"date":"2021-03-06T05:15:39","date_gmt":"2021-03-06T04:15:39","guid":{"rendered":"https:\/\/formation.aqpamm.ca\/tastaplace\/?page_id=714"},"modified":"2021-03-06T05:15:40","modified_gmt":"2021-03-06T04:15:40","slug":"covid-19-et-sante-mentale","status":"publish","type":"page","link":"https:\/\/formation.aqpamm.ca\/tastaplace\/volet-intervenant%c2%b7e%c2%b7s\/module-3\/covid-19-et-sante-mentale\/","title":{"rendered":"Covid-19 et sant\u00e9 mentale"},"content":{"rendered":"\n<p>Depuis l\u2019arriv\u00e9e de la pand\u00e9mie en d\u00e9but d\u2019ann\u00e9e 2020, les jeunes ont eu \u00e0 vivre plusieurs changements en raison des mesures sanitaires (fermeture des \u00e9tablissements scolaires, plans d\u2019\u00e9t\u00e9 chang\u00e9s, annulation d\u2019\u00e9v\u00e9nements importants, distanciation physique, etc) leur demandant beaucoup d\u2019adaptations.<\/p>\n\n\n\n<p>Ce contexte peut entra\u00eener divers \u00e9tats \u00e9motionnels, en particulier lorsque l\u2019on vit avec une probl\u00e9matique de sant\u00e9 mentale.<\/p>\n\n\n\n<p>Au cours de ce module nous aborderons les points suivants:<\/p>\n\n\n\n<ul class=\"wp-block-list\"><li>Les impacts<\/li><li>Les risques<\/li><li>Les signes \u00e0 surveiller<\/li><li>Les strat\u00e9gies \u00e0 mettre en place<\/li><\/ul>\n","protected":false},"excerpt":{"rendered":"<p>Depuis l\u2019arriv\u00e9e de la pand\u00e9mie en d\u00e9but d\u2019ann\u00e9e 2020, les jeunes ont eu \u00e0 vivre plusieurs changements en raison des mesures sanitaires (fermeture des \u00e9tablissements scolaires, plans d\u2019\u00e9t\u00e9 chang\u00e9s, annulation d\u2019\u00e9v\u00e9nements importants, distanciation physique, etc) leur demandant beaucoup d\u2019adaptations. Ce contexte peut entra\u00eener divers \u00e9tats \u00e9motionnels, en particulier lorsque l\u2019on vit avec une probl\u00e9matique de [&#8230;]<\/p>\n<p><a class=\"btn btn-secondary understrap-read-more-link\" href=\"https:\/\/formation.aqpamm.ca\/tastaplace\/volet-intervenant%c2%b7e%c2%b7s\/module-3\/covid-19-et-sante-mentale\/\">Lire la suite\u2026<span class=\"screen-reader-text\"> from Covid-19 et sant\u00e9 mentale<\/span><\/a><\/p>\n","protected":false},"author":1,"featured_media":0,"parent":706,"menu_order":145,"comment_status":"closed","ping_status":"closed","template":"","meta":{"_monsterinsights_skip_tracking":false,"_monsterinsights_sitenote_active":false,"_monsterinsights_sitenote_note":"","_monsterinsights_sitenote_category":0,"footnotes":""},"class_list":["post-714","page","type-page","status-publish","hentry"],"_links":{"self":[{"href":"https:\/\/formation.aqpamm.ca\/tastaplace\/wp-json\/wp\/v2\/pages\/714","targetHints":{"allow":["GET"]}}],"collection":[{"href":"https:\/\/formation.aqpamm.ca\/tastaplace\/wp-json\/wp\/v2\/pages"}],"about":[{"href":"https:\/\/formation.aqpamm.ca\/tastaplace\/wp-json\/wp\/v2\/types\/page"}],"author":[{"embeddable":true,"href":"https:\/\/formation.aqpamm.ca\/tastaplace\/wp-json\/wp\/v2\/users\/1"}],"replies":[{"embeddable":true,"href":"https:\/\/formation.aqpamm.ca\/tastaplace\/wp-json\/wp\/v2\/comments?post=714"}],"version-history":[{"count":1,"href":"https:\/\/formation.aqpamm.ca\/tastaplace\/wp-json\/wp\/v2\/pages\/714\/revisions"}],"predecessor-version":[{"id":715,"href":"https:\/\/formation.aqpamm.ca\/tastaplace\/wp-json\/wp\/v2\/pages\/714\/revisions\/715"}],"up":[{"embeddable":true,"href":"https:\/\/formation.aqpamm.ca\/tastaplace\/wp-json\/wp\/v2\/pages\/706"}],"wp:attachment":[{"href":"https:\/\/formation.aqpamm.ca\/tastaplace\/wp-json\/wp\/v2\/media?parent=714"}],"curies":[{"name":"wp","href":"https:\/\/api.w.org\/{rel}","templated":true}]}}

Covid-19 et santé mentale

<p>Depuis l’arrivée de la pandémie en début d’année 2020, les jeunes ont eu à vivre plusieurs changements en raison des mesures sanitaires (fermeture des établissements scolaires, plans d’été changés, annulation d’événements importants, distanciation physique, etc) leur demandant beaucoup d’adaptations.</p>



<p>Ce contexte peut entraîner divers états émotionnels, en particulier lorsque l’on vit avec une problématique de santé mentale.</p>



<p>Au cours de ce module nous aborderons les points suivants:</p>



<ul class="wp-block-list"><li>Les impacts</li><li>Les risques</li><li>Les signes à surveiller</li><li>Les stratégies à mettre en place</li></ul>

<p>Depuis l’arrivée de la pandémie en début d’année 2020, les jeunes ont eu à vivre plusieurs changements en raison des mesures sanitaires (fermeture des établissements scolaires, plans d’été changés, annulation d’événements importants, distanciation physique, etc) leur demandant beaucoup d’adaptations. Ce contexte peut entraîner divers états émotionnels, en particulier lorsque l’on vit avec une problématique de [&#8230;]</p>
<p><a class="btn btn-secondary understrap-read-more-link" href="https://formation.aqpamm.ca/tastaplace/volet-intervenant%c2%b7e%c2%b7s/module-3/covid-19-et-sante-mentale/">Lire la suite…<span class="screen-reader-text"> from Covid-19 et santé mentale</span></a></p>
