{"id":738,"date":"2021-03-11T03:38:18","date_gmt":"2021-03-11T02:38:18","guid":{"rendered":"https:\/\/formation.aqpamm.ca\/tastaplace\/?page_id=738"},"modified":"2021-05-31T03:15:54","modified_gmt":"2021-05-31T01:15:54","slug":"les-signes-annonciateurs-2","status":"publish","type":"page","link":"https:\/\/formation.aqpamm.ca\/tastaplace\/volet-intervenant%c2%b7e%c2%b7s\/module-3\/les-signes-annonciateurs-2\/","title":{"rendered":"Les signes annonciateurs"},"content":{"rendered":"\n<p>Cliquez sur les boutons pour les d\u00e9couvrir puis cliquez sur \u00ab\u00a0J&rsquo;ai termin\u00e9\u00a0\u00bb.<\/p>\n\n\n\n<div class=\"wp-block-buttons is-content-justification-center is-layout-flex wp-block-buttons-is-layout-flex\">\n<div class=\"wp-block-button menu_activite_decouverte is-style-outline linkID-743 is-style-outline--1\"><a class=\"wp-block-button__link\" href=\"https:\/\/formation.aqpamm.ca\/tastaplace\/volet-intervenant%c2%b7e%c2%b7s\/module-3\/les-3-signes-annonciateurs\/\">Les signes physiques<\/a><\/div>\n\n\n\n<div class=\"wp-block-button menu_activite_decouverte is-style-outline linkID-745 is-style-outline--2\"><a class=\"wp-block-button__link\" href=\"https:\/\/formation.aqpamm.ca\/tastaplace\/volet-intervenant%c2%b7e%c2%b7s\/module-3\/les-3-signes-annonciateurs-2\/\">Les signes comportementaux<\/a><\/div>\n\n\n\n<div class=\"wp-block-button menu_activite_decouverte is-style-outline linkID-748 is-style-outline--3\"><a class=\"wp-block-button__link\" href=\"https:\/\/formation.aqpamm.ca\/tastaplace\/volet-intervenant%c2%b7e%c2%b7s\/module-3\/les-3-signes-annonciateurs-3\/\">Les signes \u00e9motifs<\/a><\/div>\n<\/div>\n\n\n\n<p class=\"has-small-font-size\"><br><em>* Cela ne s\u2019applique pas uniquement en contexte de COVID-19. Ces signes peuvent \u00e9galement \u00eatre remarqu\u00e9s hors contexte de<br>pand\u00e9mie.<\/em><\/p>\n","protected":false},"excerpt":{"rendered":"<p>Cliquez sur les boutons pour les d\u00e9couvrir puis cliquez sur \u00ab\u00a0J&rsquo;ai termin\u00e9\u00a0\u00bb. * Cela ne s\u2019applique pas uniquement en contexte de COVID-19. Ces signes peuvent \u00e9galement \u00eatre remarqu\u00e9s hors contexte depand\u00e9mie. [&#8230;]<\/p>\n<p><a class=\"btn btn-secondary understrap-read-more-link\" href=\"https:\/\/formation.aqpamm.ca\/tastaplace\/volet-intervenant%c2%b7e%c2%b7s\/module-3\/les-signes-annonciateurs-2\/\">Lire la suite\u2026<span class=\"screen-reader-text\"> from Les signes annonciateurs<\/span><\/a><\/p>\n","protected":false},"author":1,"featured_media":0,"parent":706,"menu_order":149,"comment_status":"closed","ping_status":"closed","template":"page-menuDecouverte.php","meta":{"_monsterinsights_skip_tracking":false,"_monsterinsights_sitenote_active":false,"_monsterinsights_sitenote_note":"","_monsterinsights_sitenote_category":0,"footnotes":""},"class_list":["post-738","page","type-page","status-publish","hentry"],"_links":{"self":[{"href":"https:\/\/formation.aqpamm.ca\/tastaplace\/wp-json\/wp\/v2\/pages\/738","targetHints":{"allow":["GET"]}}],"collection":[{"href":"https:\/\/formation.aqpamm.ca\/tastaplace\/wp-json\/wp\/v2\/pages"}],"about":[{"href":"https:\/\/formation.aqpamm.ca\/tastaplace\/wp-json\/wp\/v2\/types\/page"}],"author":[{"embeddable":true,"href":"https:\/\/formation.aqpamm.ca\/tastaplace\/wp-json\/wp\/v2\/users\/1"}],"replies":[{"embeddable":true,"href":"https:\/\/formation.aqpamm.ca\/tastaplace\/wp-json\/wp\/v2\/comments?post=738"}],"version-history":[{"count":7,"href":"https:\/\/formation.aqpamm.ca\/tastaplace\/wp-json\/wp\/v2\/pages\/738\/revisions"}],"predecessor-version":[{"id":902,"href":"https:\/\/formation.aqpamm.ca\/tastaplace\/wp-json\/wp\/v2\/pages\/738\/revisions\/902"}],"up":[{"embeddable":true,"href":"https:\/\/formation.aqpamm.ca\/tastaplace\/wp-json\/wp\/v2\/pages\/706"}],"wp:attachment":[{"href":"https:\/\/formation.aqpamm.ca\/tastaplace\/wp-json\/wp\/v2\/media?parent=738"}],"curies":[{"name":"wp","href":"https:\/\/api.w.org\/{rel}","templated":true}]}}