{"id":761,"date":"2021-03-11T04:08:32","date_gmt":"2021-03-11T03:08:32","guid":{"rendered":"https:\/\/formation.aqpamm.ca\/tastaplace\/?page_id=761"},"modified":"2021-03-11T04:24:23","modified_gmt":"2021-03-11T03:24:23","slug":"les-strategies","status":"publish","type":"page","link":"https:\/\/formation.aqpamm.ca\/tastaplace\/volet-intervenant%c2%b7e%c2%b7s\/module-3\/les-strategies\/","title":{"rendered":"Les strat\u00e9gies"},"content":{"rendered":"\n<h3 class=\"wp-block-heading\">Les 6 strat\u00e9gies pour contribuer \u00e0 garder l&rsquo;\u00e9quilibre<\/h3>\n\n\n\n<p>Vous pouvez proposer diff\u00e9rentes strat\u00e9gies \u00e0 un jeune vivant des difficult\u00e9s au niveau de sa sant\u00e9 mentale en contexte de pand\u00e9mie plus particuli\u00e8rement.<br><br>D\u00e9couvrez ces 6 strat\u00e9gies en cliquant sur le bouton retourner puis cliquez sur continuer. <br><br><em>* Ces strat\u00e9gies peuvent \u00e9galement \u00eatre utilis\u00e9es hors contexte de pand\u00e9mie. Elles ne s\u2019appliquent pas uniquement en contexte de COVID-19.<\/em><\/p>\n\n\n\n<p><code><div class=\"h5p-iframe-wrapper\"><iframe id=\"h5p-iframe-55\" class=\"h5p-iframe\" data-content-id=\"55\" style=\"height:1px\" src=\"about:blank\" frameBorder=\"0\" scrolling=\"no\" title=\"Inter - page 56 - Strat\u00e9gies \u00e9quilibre\"><\/iframe><\/div><\/code><\/p>\n","protected":false},"excerpt":{"rendered":"<p>Les 6 strat\u00e9gies pour contribuer \u00e0 garder l&rsquo;\u00e9quilibre Vous pouvez proposer diff\u00e9rentes strat\u00e9gies \u00e0 un jeune vivant des difficult\u00e9s au niveau de sa sant\u00e9 mentale en contexte de pand\u00e9mie plus particuli\u00e8rement. D\u00e9couvrez ces 6 strat\u00e9gies en cliquant sur le bouton retourner puis cliquez sur continuer. * Ces strat\u00e9gies peuvent \u00e9galement \u00eatre utilis\u00e9es hors contexte de [&#8230;]<\/p>\n<p><a class=\"btn btn-secondary understrap-read-more-link\" href=\"https:\/\/formation.aqpamm.ca\/tastaplace\/volet-intervenant%c2%b7e%c2%b7s\/module-3\/les-strategies\/\">Lire la suite\u2026<span class=\"screen-reader-text\"> from Les strat\u00e9gies<\/span><\/a><\/p>\n","protected":false},"author":1,"featured_media":0,"parent":706,"menu_order":156,"comment_status":"closed","ping_status":"closed","template":"page-dialogCards.php","meta":{"_monsterinsights_skip_tracking":false,"_monsterinsights_sitenote_active":false,"_monsterinsights_sitenote_note":"","_monsterinsights_sitenote_category":0,"footnotes":""},"class_list":["post-761","page","type-page","status-publish","hentry"],"_links":{"self":[{"href":"https:\/\/formation.aqpamm.ca\/tastaplace\/wp-json\/wp\/v2\/pages\/761","targetHints":{"allow":["GET"]}}],"collection":[{"href":"https:\/\/formation.aqpamm.ca\/tastaplace\/wp-json\/wp\/v2\/pages"}],"about":[{"href":"https:\/\/formation.aqpamm.ca\/tastaplace\/wp-json\/wp\/v2\/types\/page"}],"author":[{"embeddable":true,"href":"https:\/\/formation.aqpamm.ca\/tastaplace\/wp-json\/wp\/v2\/users\/1"}],"replies":[{"embeddable":true,"href":"https:\/\/formation.aqpamm.ca\/tastaplace\/wp-json\/wp\/v2\/comments?post=761"}],"version-history":[{"count":6,"href":"https:\/\/formation.aqpamm.ca\/tastaplace\/wp-json\/wp\/v2\/pages\/761\/revisions"}],"predecessor-version":[{"id":770,"href":"https:\/\/formation.aqpamm.ca\/tastaplace\/wp-json\/wp\/v2\/pages\/761\/revisions\/770"}],"up":[{"embeddable":true,"href":"https:\/\/formation.aqpamm.ca\/tastaplace\/wp-json\/wp\/v2\/pages\/706"}],"wp:attachment":[{"href":"https:\/\/formation.aqpamm.ca\/tastaplace\/wp-json\/wp\/v2\/media?parent=761"}],"curies":[{"name":"wp","href":"https:\/\/api.w.org\/{rel}","templated":true}]}}